 -22110210 + -23?
-22110233
In base 10, what is 17 + -101648?
-101631
In base 8, what is -5 + 301746?
301741
In base 15, what is 30b87 - -1?
30b88
In base 15, what is -c7aa2 + 3?
-c7a9e
In base 7, what is 400 - -11245?
11645
In base 15, what is -2062e + 3?
-2062b
In base 9, what is -1 + -388252?
-388253
In base 5, what is -2103344 + 10?
-2103334
In base 9, what is -660 - 22?
-682
In base 8, what is -3 + 345233?
345230
In base 16, what is af9 + 291?
d8a
In base 7, what is 62313 + -1?
62312
In base 3, what is -110110101010211 + 12?
-110110101010122
In base 10, what is -445990 + 5?
-445985
In base 15, what is 1ea81 - d?
1ea73
In base 7, what is 1556 + 0?
1556
In base 9, what is -11383 + -15?
-11408
In base 3, what is -12 + 121102?
121020
In base 9, what is -31180 - 33?
-31223
In base 2, what is -1001110001 + 110100000?
-11010001
In base 15, what is 21 - 10c0?
-109e
In base 9, what is 666 - -4?
671
In base 11, what is -29a555 + 1?
-29a554
In base 15, what is -277a - -57?
-2723
In base 2, what is 101 - -100010010000000111?
100010010000001100
In base 5, what is 204 - 100?
104
In base 7, what is 110110 + 3?
110113
In base 12, what is 4 - -280427?
28042b
In base 7, what is -1132 - 455?
-1620
In base 6, what is -51 - 155124?
-155215
In base 8, what is -12 - -10416?
10404
In base 16, what is 0 + a330?
a330
In base 7, what is 5 - -12612550?
12612555
In base 11, what is -145 - 10847?
-10991
In base 3, what is -222220 + 2112?
-220101
In base 4, what is 210310322 - 11?
210310311
In base 8, what is -3 + 43644?
43641
In base 11, what is -82a + -1?
-830
In base 9, what is 68603 - 5?
68587
In base 2, what is -101 - -10101100101010110110?
10101100101010110001
In base 9, what is 54 - -14246?
14311
In base 16, what is -1930a - -2?
-19308
In base 16, what is 27b1 + c?
27bd
In base 11, what is -a56 + -16?
-a71
In base 10, what is 124 - 1153?
-1029
In base 3, what is 101202001000 + 1021?
101202002021
In base 13, what is -2b68 - -2c?
-2b39
In base 16, what is 565b + 8?
5663
In base 4, what is -103023 + -1100?
-110123
In base 10, what is -6 + -7023?
-7029
In base 10, what is 540686 + 6?
540692
In base 7, what is -2 + -52223?
-52225
In base 9, what is -7 + 23744?
23736
In base 7, what is -114462 + 12?
-114450
In base 7, what is -106 + 20316?
20210
In base 12, what is 5 + 51056?
5105b
In base 4, what is -22033312101 - -2?
-22033312033
In base 16, what is -b - -7371?
7366
In base 4, what is -11 + -103022023?
-103022100
In base 2, what is -11010101110101010 + -10?
-11010101110101100
In base 5, what is -2 - 44224?
-44231
In base 15, what is 4 + 14?
18
In base 6, what is 5 - 3310132?
-3310123
In base 12, what is -24687 + -4?
-2468b
In base 6, what is 1435 - -1410?
3245
In base 7, what is -52504 + -2?
-52506
In base 5, what is 2 + 40132?
40134
In base 15, what is 6 - d73b?
-d735
In base 12, what is 9a + -39b?
-301
In base 11, what is -48186 + -5?
-48190
In base 5, what is -1 - 330101?
-330102
In base 15, what is 14 - 321ea?
-321d6
In base 2, what is -11010010101110011000111 + 11?
-11010010101110011000100
In base 8, what is -2166 - -1704?
-262
In base 7, what is 32 - 61503?
-61441
In base 8, what is 250 - -551?
1021
In base 11, what is -8183a + 50?
-8179a
In base 16, what is c6eb + -c?
c6df
In base 5, what is 1030400 + 20?
1030420
In base 2, what is -111 + 1110011000?
1110010001
In base 3, what is -10 - -120220121?
120220111
In base 7, what is 25415 - 1156?
24226
In base 13, what is 41 - 24b5?
-2474
In base 14, what is 5c82c + -3?
5c829
In base 14, what is 0 - -2dbd?
2dbd
In base 11, what is 1a61718 - -4?
1a61721
In base 5, what is 33200431 + -2?
33200424
In base 10, what is 1 + -529?
-528
In base 5, what is 1013 - -24140?
30203
In base 7, what is -14303 + -1?
-14304
In base 7, what is 53 + 332?
415
In base 9, what is 37172 - -18?
37201
In base 5, what is -44234 - -10444?
-33240
In base 8, what is 352265 + -4?
352261
In base 16, what is f - -cd6?
ce5
In base 5, what is 331033 - -1032?
332120
In base 13, what is 4b47 + -c?
4b38
In base 7, what is 1111045 + -56?
1110656
In base 12, what is 1216 - -1b2?
1408
In base 3, what is 111 - 220202?
-220021
In base 14, what is -16 + -56b?
-583
In base 4, what is 10303310 + 112?
10310022
In base 4, what is -111 - 102120330?
-102121101
In base 4, what is -3302 + 110103?
100201
In base 12, what is 4485 - 3?
4482
In base 8, what is -11625 - 72?
-11717
In base 4, what is -22 + -3330003?
-3330031
In base 15, what is -1ae8a9 + -2?
-1ae8ab
In base 15, what is 5 + -3b5a?
-3b55
In base 14, what is 57c83 - 8?
57c79
In base 16, what is -4 - 4a54?
-4a58
In base 8, what is -621 - -327?
-272
In base 4, what is 12231 - -2330?
21221
In base 5, what is -331043 - -303?
-330240
In base 10, what is 29 - -3146?
3175
In base 4, what is 102201000 - -3?
102201003
In base 9, what is -152 - 507?
-660
In base 12, what is 16040a + 1?
16040b
In base 9, what is 25 - 144766?
-144741
In base 10, what is 346 + -8027?
-7681
In base 9, what is 15 + -13632?
-13616
In base 4, what is 221222303 + 20?
221222323
In base 10, what is 14010 - 184?
13826
In base 11, what is -1 + -99a19?
-99a1a
In base 8, what is -10 - -2241?
2231
In base 4, what is -2233120 + 1?
-2233113
In base 11, what is -68709 - 3?
-68711
In base 15, what is a - be1?
-bd6
In base 10, what is 3 - 120?
-117
In base 15, what is -773 + 69?
-709
In base 8, what is -1 + -13405?
-13406
In base 4, what is -12 - -10222031?
10222013
In base 10, what is -13 - 921?
-934
In base 2, what is 11100101001 - 10000?
11100011001
In base 10, what is -5 - -82485?
82480
In base 15, what is -1 + 150d?
150c
In base 16, what is -1b7c - 6?
-1b82
In base 2, what is 100 + 10100101011100?
10100101100000
In base 14, what is -c421 + -5?
-c426
In base 2, what is -1000000001 + 10001011010?
1001011001
In base 15, what is -1ee2 + -5d?
-2050
In base 14, what is -d86 - -84?
-d02
In base 4, what is 11 - 333003231?
-333003220
In base 16, what is c4 - -2f2?
3b6
In base 3, what is 110 - 11220020?
-11212210
In base 3, what is -10020001220 - -1?
-10020001212
In base 14, what is -2ad22 - 0?
-2ad22
In base 10, what is -5 - 26577?
-26582
In base 2, what is 1 - 101011011010?
-101011011001
In base 15, what is 74441 - 3?
7443d
In base 9, what is 322 - -2570?
3002
In base 13, what is 0 + -18938?
-18938
In base 5, what is 113212 - -21203?
134420
In base 9, what is 5 + -40757?
-40752
In base 6, what is -10054 + 1?
-10053
In base 15, what is 55 + -2c3?
-26d
In base 2, what is 110101110 - 100111?
110000111
In base 11, what is -472718 - 1?
-472719
In base 4, what is 23 - -3232012?
3232101
In base 12, what is -aa3 + -39?
-b20
In base 8, what is -57774 + -4?
-60000
In base 16, what is -3c1f - -34?
-3beb
In base 2, what is 1111010101010011000110 + 1?
1111010101010011000111
In base 11, what is -1a1a + -126?
-2045
In base 16, what is -279f + 4?
-279b
In base 16, what is -3 + 833d8?
833d5
In base 11, what is 0 + -42515?
-42515
In base 7, what is -215653 + -3?
-215656
In base 14, what is 3 - -7a7c7?
7a7ca
In base 13, what is 5 - 28c62?
-28c5a
In base 5, what is -3 + -1332033?
-1332041
In base 14, what is 1 - 597a?
-5979
In base 6, what is 144 + 1214?
1402
In base 14, what is 1a490 + 2?
1a492
In base 6, what is -1455 - 2000?
-3455
In base 12, what is -1 - 32b3b?
-32b40
In base 10, what is 19 + -357?
-338
In base 2, what is -1000100001111100001110 - 100?
-1000100001111100010010
In base 12, what is -3 - 92695?
-92698
In base 12, what is 38a5 + -7?
389a
In base 15, what is 7c - -13b0?
143c
In base 4, what is 1010332 - 30?
1010302
In base 7, what is -523 - -1306?
453
In base 2, what is -100 - 1111000110010?
-1111000110110
In base 11, what is -984 - -285?
-6aa
In base 11, what is -5 - -22843?
22839
In base 6, what is 1412144 - -4?
1412152
In base 3, what is -2122102220211 + 0?
-2122102220211
In base 5, what is -122 - 23?
-200
In base 5, what is 1040 - 3331?
-2241
In base 7, what is 6 + 261530?
261536
In base 11, what is -27245 + -3?
-27248
In base 11, what is 73 + -a396?
-a323
In base 2, what is -110011001101 + 101?
-110011001000
In base 2, what is 1001 - 110100101000?
-110100011111
In base 14, what is 41 - -3ab0?
3b11
In base 15, what is -245 - -142e?
11d9
In base 14, what is -915 - -8d?
-866
In base 7, what is 1163 - 10633?
-6440
In base 8, what is 715672 + 4?
715676
In ba